1101011101100110
In base 6, what is -14 + -35043214?
-35043232
In base 12, what is -9181 - 39b?
-9560
In base 9, what is -2 - -15200044?
15200042
In base 5, what is 1440210412 + -10?
1440210402
In base 16, what is 1e16ed0 + -1?
1e16ecf
In base 5, what is 14332 - 2012104?
-1442222
In base 3, what is 1202 + -10012010011202?
-10012010010000
In base 16, what is -74b + -293b?
-3086
In base 12, what is 86217 - 4ba?
85919
In base 6, what is 104040 - -403?
104443
In base 5, what is 1004 + 3031403?
3032412
In base 7, what is -450142042 - -3?
-450142036
In base 13, what is -375c + -18a4?
-5333
In base 14, what is 1192a40 - -5?
1192a45
In base 5, what is 3104 + 4244323?
4302432
In base 11, what is 20 + -1754531?
-1754511
In base 2, what is -11110001100011010100 - 1101010?
-11110001100100111110
In base 12, what is 767715 + 7a?
767793
In base 6, what is -15400 + 2031?
-13325
In base 9, what is 44 - -1021608?
1021653
In base 2, what is -10000000101111101110011111 - -1101?
-10000000101111101110010010
In base 10, what is 3 + 47736656?
47736659
In base 5, what is -41223022 + 3?
-41223014
In base 2, what is 1101011101100101 + 11100101?
1101100001001010
In base 12, what is ab82 - -b57?
bb19
In base 16, what is 2 + 85006?
85008
In base 11, what is -8 + -2521241?
-2521249
In base 10, what is -16 - -794678?
794662
In base 4, what is 300 - 12122220201?
-12122213301
In base 10, what is 1729462 - 21?
1729441
In base 9, what is 465 - 227476?
-227011
In base 13, what is 98bb + 25ca?
c1b8
In base 15, what is 2a63c + 99d?
2b0da
In base 13, what is -2c5 - 1271?
-1566
In base 12, what is 615b80 + 190?
616150
In base 7, what is -33 + 1520542?
1520506
In base 10, what is 192 - 68207?
-68015
In base 6, what is 1001432141 + -54?
1001432043
In base 7, what is -3 - 244631333?
-244631336
In base 16, what is 18e030 - 2?
18e02e
In base 3, what is -1121100002102120 + -10?
-1121100002102200
In base 14, what is 19cc5 - -606?
1a4cb
In base 2, what is -1 + -11011010100111111010110?
-11011010100111111010111
In base 10, what is -17372 + 431?
-16941
In base 13, what is 2310 + -24963?
-22653
In base 2, what is 101000001011000011 - -1010110?
101000001100011001
In base 4, what is -1100203101 - -210?
-1100202231
In base 14, what is 49c2b3 - 3?
49c2b0
In base 5, what is -200010 - -3004?
-142001
In base 10, what is 1987054 - 4?
1987050
In base 3, what is 1012 + -100201020100112?
-100201020022100
In base 15, what is 3 + 7040bd?
7040c1
In base 8, what is 432 + 61173?
61625
In base 10, what is 51529 - -10158?
61687
In base 11, what is 23667 + -32?
23635
In base 5, what is -12311104020 + 3?
-12311104012
In base 4, what is -233100 - 11111?
-310211
In base 13, what is -16016c4 - 1?
-16016c5
In base 4, what is -1103 - -12233332?
12232223
In base 6, what is 0 + 4155340244?
4155340244
In base 6, what is 5 + 1451251505?
1451251514
In base 2, what is 101000011100 + 10101010100110110?
10101111101010010
In base 8, what is -224550 - -3?
-224545
In base 16, what is 1 - -3763d?
3763e
In base 6, what is 3412000 - -144?
3412144
In base 5, what is -221400 - 111?
-222011
In base 6, what is 31331515 - 40?
31331435
In base 8, what is -2406170 - 1034?
-2407224
In base 11, what is -3a7107 - -8?
-3a70aa
In base 14, what is 61 + 63299?
6331a
In base 15, what is 0 - -93e79c?
93e79c
In base 4, what is 13213031023 - 212?
13213030211
In base 10, what is 24 - 2496603?
-2496579
In base 16, what is 1e92c - 4?
1e928
In base 16, what is 15cbef84 + 1?
15cbef85
In base 5, what is -24 - -33214422?
33214343
In base 7, what is 2 + -14664446?
-14664444
In base 7, what is -202 + -3603261?
-3603463
In base 8, what is -461144775 + -5?
-461145002
In base 16, what is 8 - 98a85?
-98a7d
In base 9, what is -6786756 - 10?
-6786766
In base 15, what is -2 + -143d02?
-143d04
In base 6, what is 300143113 - 4?
300143105
In base 14, what is -1d - -4dd482?
4dd463
In base 7, what is -66614236 - 0?
-66614236
In base 5, what is -4 - 201143420?
-201143424
In base 5, what is 344321 - -2214111?
3113432
In base 16, what is -e1 + 17f3?
1712
In base 5, what is 41 - -243221343?
243221434
In base 12, what is -6 - -822659?
822653
In base 7, what is 651054 - -61?
651145
In base 4, what is -301110 - 2130021?
-3031131
In base 16, what is 3 + -f10b?
-f108
In base 16, what is -2 - -56942a3?
56942a1
In base 5, what is 1 - 330004330334?
-330004330333
In base 4, what is -2111110 + 1031313?
-1013131
In base 8, what is -4 + 27751514?
27751510
In base 7, what is -3 - -1031022226?
1031022223
In base 16, what is -5 - -df9645?
df9640
In base 9, what is -3456 + 6715?
3248
In base 12, what is -927821 - 24?
-927845
In base 4, what is 12002102 - -2312?
12011020
In base 8, what is 23661450 + -4?
23661444
In base 2, what is 11011100000 - -11110011100100100?
11110111000000100
In base 7, what is 302441626 + -3?
302441623
In base 14, what is 7a3b8 + -587?
79c31
In base 8, what is -26347417 - -23?
-26347374
In base 12, what is -68444514 - 3?
-68444517
In base 4, what is -11102132201 + 1200?
-11102131001
In base 9, what is -368147 - 41?
-368188
In base 11, what is -a00 - -43a?
-571
In base 6, what is 4351344 - 221?
4351123
In base 2, what is -10 - -1001101011110100110011?
1001101011110100110001
In base 15, what is -19e2 - -32b?
-16b6
In base 16, what is -11329 - -a8?
-11281
In base 6, what is -32524143232 - -2?
-32524143230
In base 5, what is -233 - 2042242341?
-2042243124
In base 12, what is b4 - 46b887?
-46b793
In base 6, what is 121 - -15221345?
15221510
In base 3, what is 20222102110 - 2110?
20222100000
In base 2, what is 1000001101010111 + -11101101?
1000001001101010
In base 6, what is -13224 - -225440?
212212
In base 2, what is -1000101011100 + 1010001110001100?
1001001000110000
In base 15, what is 3bb5a + 15?
3bb70
In base 2, what is 111110010000011000001 + 100110001?
111110010000111110010
In base 15, what is -2c5 - 8a25?
-8cea
In base 13, what is 49243 - -c7?
4933a
In base 4, what is 100231020011 + -222?
100231013123
In base 16, what is 5047e5b + 2?
5047e5d
In base 2, what is 1011001101101100 - 11000010111?
1010110101010101
In base 3, what is -1002120221110 - -110?
-1002120221000
In base 7, what is -2122 - 210234?
-212356
In base 12, what is -29a35 + 10a?
-29927
In base 10, what is -6422 + 16088?
9666
In base 11, what is 2 - 391324?
-391322
In base 10, what is 2427989 + -4?
2427985
In base 3, what is 1 + 20212211222001?
20212211222002
In base 9, what is 31468202 + -4?
31468187
In base 3, what is 111211 - 21001222?
-20120011
In base 10, what is 1808 - -172663?
174471
In base 12, what is 1022 - 2b1?
931
In base 10, what is -146366 + -41?
-146407
In base 9, what is 5054 - 33751?
-27686
In base 3, what is -1100200 + 1210000?
102100
In base 13, what is -378 + 3c05?
385a
In base 15, what is 26 - -14a324?
14a34a
In base 10, what is -8031070 - -3?
-8031067
In base 7, what is 0 - 10135516?
-10135516
In base 4, what is 1011130 - -2131332?
3203122
In base 6, what is -10 + 31100311?
31100301
In base 7, what is -3101663 - 464?
-3102460
In base 3, what is 102 - 111121111012121?
-111121111012012
In base 9, what is -11131 + -32485?
-43626
In base 15, what is 1 - -1d224a8?
1d224a9
In base 12, what is -13 - 419347?
-41935a
In base 3, what is 101001121022012 + 2?
101001121022021
In base 10, what is 5 + 554916?
554921
In base 7, what is -1103300615 - 23?
-1103300641
In base 11, what is -2 - 18148440?
-18148442
In base 16, what is -4 - -4d7e4?
4d7e0
In base 8, what is -141222 + -16?
-141240
In base 15, what is -7 + -936848b?
-9368493
In base 11, what is 204551a - 60?
204546a
In base 3, what is 1012 + 101010120010?
101010121022
In base 13, what is 25 + -5c8ab7?
-5c8a92
In base 6, what is -1435020102 + 0?
-1435020102
In base 9, what is 16328 + -36?
16282
In base 4, what is 2200211000033 + 0?
2200211000033
In base 11, what is -2 - 15806090?
-15806092
In base 7, what is -204346 - -611?
-203435
In base 15, what is 17 + 23e6b70?
23e6b87
In base 2, what is -10100011 - -1101011111111000010?
1101011111100011111
In base 5, what is 1130431441 - -3?
1130431444
In base 10, what is 85360 + -1744?
83616
In base 8, what is -607544 + 54?
-607470
In base 9, what is 5 + -54558430?
-54558424
In base 11, what is -1630392 - -4?
-1630389
In base 15, what is -96e730 + 4?
-96e72b
In base 14, what is -d45 - -52c8?
4383
In